*k + 3105920. Determine a(-36).
-16
Let r(g) = g**3 - 84*g**2 - 1189*g + 129248. Give r(78).
2
Let k(h) = h**3 + 5*h**2 - 224*h - 210. Give k(-17).
130
Let x(a) = -33*a**2 - 3214*a - 24642. Give x(-89).
11
Let u(n) = -2*n**3 + 113*n**2 + 55*n + 392. Give u(57).
278
Let j(w) = w**3 - 159*w**2 - 1486*w + 4263. Give j(-11).
39
Let s(b) = b**3 + 113*b**2 - 342*b - 12879. Give s(-115).
1
Let t(q) = -534*q - 14404. Determine t(-27).
14
Let x(w) = -7522*w + 112821. Give x(15).
-9
Let a(j) = -302*j + 27894. What is a(92)?
110
Let u(c) = 23029*c**2 - 46056*c - 8. Calculate u(2).
-4
Let j(g) = -2*g**2 - 382597*g + 2295668. What is j(6)?
14
Let z(o) = -40*o**3 + 116*o**2 + 182*o - 507. Give z(3).
3
Let h(s) = 1977774*s + 1. What is h(0)?
1
Let f(t) = t**3 - 174*t**2 + 1931*t + 8. Determine f(12).
-148
Let a(z) = -z**2 + 4926*z - 54083. Give a(11).
-18
Let c(u) = -u**2 + 378*u + 3894. Calculate c(-10).
14
Let g(k) = 8*k**2 + 389*k + 395. Give g(-49).
542
Let f(p) = -p**2 + 696*p - 89087. What is f(169)?
-24
Let d(j) = 6341*j - 310287. Determine d(49).
422
Let q(f) = 15*f**2 - 453*f + 3359. What is q(16)?
-49
Let m(j) = -161*j**2 - 1614*j - 33. What is m(-10)?
7
Let z(c) = -16848*c - 354028. Give z(-21).
-220
Let p(t) = 79*t - 8144. What is p(105)?
151
Let z(d) = 15*d**2 + 198*d + 163. Give z(-14).
331
Let k(m) = -49*m - 2522. What is k(-51)?
-23
Let q(d) = d**3 - 779*d**2 - 1571*d + 7037. Give q(781).
8
Let o(h) = -h**3 - 84*h**2 + 335*h + 157. Give o(-88).
1653
Let u(f) = -f**2 + 241*f + 4930. Give u(252).
2158
Let g(h) = h**3 + 528*h**2 - 5391*h + 4. What is g(10)?
-106
Let a(d) = -6*d**2 - 126*d + 28312. What is a(59)?
-8
Let l(w) = 64*w**2 + 381*w - 1108. Calculate l(3).
611
Let p(j) = 9*j**2 - 50*j - 83. Calculate p(6).
-59
Let t(m) = -m**3 - 62*m**2 + 58*m - 2146. Give t(-63).
-1831
Let m(p) = 5463*p - 136691. Calculate m(25).
-116
Let l(i) = -4651*i - 1167380. What is l(-251)?
21
Let v(q) = -3*q**3 + 56*q**2 - 23*q - 36. Calculate v(20).
-2096
Let o(z) = 93*z**2 + 434*z - 759. Calculate o(-6).
-15
Let g(z) = 206*z + 5589. Give g(-26).
233
Let c(j) = -3393*j**3 + 3*j**2 - 1190*j - 1192. Determine c(-1).
3394
Let p(l) = -142*l**2 - 54257*l - 4980. What is p(-382)?
-14
Let q(v) = -105450*v - 527263. What is q(-5)?
-13
Let w(p) = -p**3 + 1450*p**2 + 19030*p + 156. Determine w(-13).
13
Let a(y) = -y**3 - 158*y**2 + 565*y + 39233. What is a(-160)?
33
Let z(o) = o**3 + 359*o**2 - 62943*o + 4389. Calculate z(-488).
-3
Let k(y) = 61206*y - 3549962. Give k(58).
-14
Let f(y) = -y**2 + 37*y + 1223. Determine f(60).
-157
Let m(z) = z**3 - 7*z**2 + 73*z - 294. Give m(16).
3178
Let s(i) = -333*i**2 + 303*i + 636. Give s(-1).
0
Let p(f) = -61*f**3 - 17446*f**2 - 3*f - 800. What is p(-286)?
58
Let n(u) = 1593*u - 8049. Give n(5).
-84
Let k(a) = -18*a**2 + 7045*a - 7032. What is k(1)?
-5
Let c(s) = 64*s - 6885. Determine c(108).
27
Let o(g) = -925228*g + 11102739. What is o(12)?
3
Let r(s) = 14998*s - 974926. Give r(65).
-56
Let u(d) = -7*d**3 + 226*d**2 + 179*d - 217. Calculate u(33).
245
Let o(b) = -2*b**3 + 64*b**2 - 39*b - 333. What is o(30)?
2097
Let c(d) = d**2 - 729*d - 2170. Give c(-3).
26
Let a(l) = -2*l**2 + 2827*l - 146859. Give a(54).
-33
Let p(q) = 9*q**3 + 47*q**2 + 288*q + 984. Give p(-4).
8
Let u(q) = q**3 - 18*q**2 + 4915*q - 93730. Give u(19).
16
Let g(t) = 755*t**2 + 43336*t - 26331. What is g(-58)?
1
Let j(o) = -11*o**3 - 352*o**2 + 316*o + 10108. What is j(-32)?
-4
Let c(m) = 21*m**2 + 3734*m + 457. What is c(-178)?
1169
Let a(r) = 5*r**2 - 1160*r + 13275. Determine a(12).
75
Let x(c) = -3*c**2 - 7424*c - 4474973. Calculate x(-1039).
0
Let t(l) = 8*l**2 + 961434*l - 961435. What is t(1)?
7
Let z(g) = g**2 - 15809*g + 772241. What is z(49)?
1
Let n(o) = 2*o**3 - 77*o**2 + 665*o - 12. What is n(14)?
-306
Let r(v) = 24*v**2 - 131*v + 771. Calculate r(8).
1259
Let g(v) = -3*v + 37. Give g(11).
4
Let m(h) = 7*h**3 + 22*h**2 - 436*h - 1739. Give m(-4).
-91
Let z(x) = 60*x**2 - 291*x - 2. What is z(5)?
43
Let a(d) = -37808*d + 1361160. Determine a(36).
72
Let x(v) = 3868*v - 108181. Determine x(28).
123
Let a(q) = -4136*q - 190919. What is a(-46)?
-663
Let p(b) = b**2 - 83238*b + 4741318. What is p(57)?
1
Let g(d) = 2*d**2 + 4277*d + 42574. Give g(-10).
4
Let s(r) = -62776*r + 376544. What is s(6)?
-112
Let b(f) = f**2 + 1245*f - 3754. Determine b(3).
-10
Let m(u) = 63*u + 557. Determine m(-3).
368
Let m(o) = -11*o**2 + 2934*o - 13647. Calculate m(262).
-23
Let b(j) = j**3 - 29*j**2 - 914*j + 10071. Calculate b(11).
-2161
Let y(p) = -34*p**2 + 1345*p - 726. Calculate y(39).
15
Let i(z) = -102*z + 58778. What is i(576)?
26
Let q(a) = 114*a**3 - 7979*a**2 - 72*a + 143. Give q(70).
3
Let p(a) = -3*a**2 - 1373*a - 9354. Calculate p(-7).
110
Let v(h) = h**3 - 34*h**2 - 758*h + 26496. Determine v(32).
192
Let v(f) = -f**3 + 370*f**2 - 4287*f - 101. What is v(12)?
7
Let v(k) = k**2 - 18320*k - 1990238. What is v(-108)?
-14
Let z(g) = 558*g**2 + 9554*g + 15. Give z(-17).
-1141
Let o(j) = j**2 + 51*j + 307. Determine o(-46).
77
Let h(z) = -4794*z - 551314. Determine h(-115).
-4
Let w(l) = -19*l**3 + 245*l**2 + 69*l - 473. Determine w(13).
86
Let u(l) = -4*l**2 + 1026*l + 3693. What is u(260)?
53
Let q(c) = 94843*c - 94782. Determine q(1).
61
Let t(u) = -84*u - 1127. What is t(-16)?
217
Let g(x) = x**3 - 39*x**2 + 147*x + 2140. What is g(20)?
-2520
Let h(u) = -3*u**2 - 272*u - 3328. What is h(-15)?
77
Let h(b) = 155*b**3 + 13*b**2 + 36*b + 20. Determine h(-3).
-4156
Let n(t) = -213*t + 2436. Calculate n(14).
-546
Let a(h) = -2120*h - 158215. Give a(-74).
-1335
Let f(x) = -245*x - 20106. What is f(-91)?
2189
Let c(v) = -v**3 + 91*v**2 - 273*v + 765. Determine c(88).
-27
Let q(m) = m**2 - 339210*m + 36961998. Determine q(109).
-11
Let f(r) = 9*r**2 - 560*r - 274. Give f(53).
-4673
Let k(s) = 934*s + 10236. Calculate k(-11).
-38
Let m(n) = 470*n + 15513. Determine m(-33).
3
Let c(v) = -1035*v - 14437. Determine c(-15).
1088
Let x(r) = 44*r**2 - 491*r + 6. Determine x(11).
-71
Let j(q) = -3609*q - 512526. Calculate j(-142).
-48
Let w(z) = -2*z**3 + 40*z**2 - 45*z + 2814. Calculate w(22).
-112
Let r(k) = -3*k**2 - 806*k - 6682. What is r(-260)?
78
Let w(n) = -2*n**2 - 999*n - 117053. What is w(-312)?
-53
Let l(x) = 589*x - 39623. Determine l(68).
429
Let g(h) = 756*h - 6300. What is g(9)?
504
Let v(i) = 5*i**3 - 5500*i**2 - 5570*i + 71487. Give v(1101).
-78
Let r(b) = 6727*b - 437184. Determine r(65).
71
Let t(u) = 4357*u + 17475. What is t(-4)?
47
Let o(w) = 5*w**2 + 990*w + 217. Determine o(-197).
-768
Let p(f) = -2252*f + 382845. Calculate p(170).
5
Let c(h) = h**2 - 229*h - 276891. Calculate c(653).
-19
Let u(d) = 10477*d + 19403414. Calculate u(-1852).
10
Let y(q) = -4649*q**2 + 966*q + 1. Determine y(0).
1
Let m(z) = 19*z**2 - 33*z + 27. Determine m(-5).
667
Let v(q) = 23*q**3 - q**2 + 62*q - 64. Determine v(1).
20
Let r(h) = 73*h**2 + 20956*h + 1411. What is r(-287)?
-24
Let z(y) = y**3 + 25*y**2 + 114*y - 346. What is z(-19)?
-346
Let g(s) = -3*s**2 + 1124*s + 40338. What is g(-34)?
-1346
Let o(s) = -45*s**3 - 3*s**2 + 767*s + 2298. Give o(-3).
1185
Let z(p) = 107*p**2 - 50*p - 191. Determine z(-4).
1721
Let l(q) = -4*q**3 - 248*q**2 - 239*q + 228. Calculate l(-61).
-77
Let i(a) = -1081*a + 75376. Calculate i(70).
-294
Let s(w) = 860*w - 33309. Calculate s(42).
2811
Let r(q) = -4*q**2 + 381*q + 851. What is r(96)?
563
Let k(v) = -v**2 - 4753575*v + 1. What is k(0)?
1
Let h(c) = -5*c**2 - 194*c + 1452. Give h(-46).
-204
Let z(t) = -4*t**2 + 511*t + 1576. What is z(131)?
-127
Let c(i) = 659*i - 64587. Give c(98).
-5
Let n(t) = 5*t**2 + 622*t - 168435. What is n(-256)?
13
Let h(g) = 200261*g - 1602094. Determine h(8).
-6
Let z(m) = 4*m**2 - 260*m - 2913. What is z(74)?
-249
Let j(g) = 37848*g - 264923. What is j(7)?
13
Let j(l) = -5782*l - 780496. What is j(-135)?
74
Let v(j) = -j**3 + 24*j**2 - 782*j + 8996. What is v(14)?
8
Let g(u) = 32939*u + 7345395. Determine g(-223).
-2
Let p(v) = 9*v**2 + 620004*v - 620009. Calculate p(1).
4
Let s(p) = p**2 - 3524*p + 153108. Calculate s(44).
-12
Let t(g) = 2*g**3 + 46*g**2 - 367*g - 8471. Give t(-23).
-30
Let h(n) = -n**3 - 48*n**2 + 88*n - 152. Calculate h(-50).
448
Let k(i) = 50*i**2 - 7097*i - 391. Give k(142).
